{"id":2,"date":"2022-06-17T19:04:37","date_gmt":"2022-06-17T17:04:37","guid":{"rendered":"http:\/\/flaujac.org\/?page_id=2"},"modified":"2022-06-22T09:16:15","modified_gmt":"2022-06-22T07:16:15","slug":"page-d-exemple","status":"publish","type":"page","link":"https:\/\/flaujac.org\/","title":{"rendered":"Bienvenue \u00e0 Flaujac"},"content":{"rendered":"\n<p>Flaujac est  situ\u00e9e dans le nord du d\u00e9partement de l&#8217;Aveyron, en r\u00e9gion Occitanie.<\/p>\n\n\n\n<p>Notre site est actuellement en cours de conception et reste pour l&#8217;heure incomplet. Notre association travaille actuellement \u00e0 \u00e9toffer son contenu.<\/p>\n\n\n\n<p><\/p>\n","protected":false},"excerpt":{"rendered":"<p>Flaujac est situ\u00e9e dans le nord du d\u00e9partement de l&#8217;Aveyron, en r\u00e9gion Occitanie. Notre site est actuellement en cours de conception et reste pour l&#8217;heure incomplet. Notre association travaille actuellement \u00e0 \u00e9toffer son contenu.<\/p>\n","protected":false},"author":1,"featured_media":0,"parent":0,"menu_order":0,"comment_status":"closed","ping_status":"open","template":"","meta":{"footnotes":""},"class_list":["post-2","page","type-page","status-publish","hentry"],"_links":{"self":[{"href":"https:\/\/flaujac.org\/index.php\/wp-json\/wp\/v2\/pages\/2","targetHints":{"allow":["GET"]}}],"collection":[{"href":"https:\/\/flaujac.org\/index.php\/wp-json\/wp\/v2\/pages"}],"about":[{"href":"https:\/\/flaujac.org\/index.php\/wp-json\/wp\/v2\/types\/page"}],"author":[{"embeddable":true,"href":"https:\/\/flaujac.org\/index.php\/wp-json\/wp\/v2\/users\/1"}],"replies":[{"embeddable":true,"href":"https:\/\/flaujac.org\/index.php\/wp-json\/wp\/v2\/comments?post=2"}],"version-history":[{"count":4,"href":"https:\/\/flaujac.org\/index.php\/wp-json\/wp\/v2\/pages\/2\/revisions"}],"predecessor-version":[{"id":154,"href":"https:\/\/flaujac.org\/index.php\/wp-json\/wp\/v2\/pages\/2\/revisions\/154"}],"wp:attachment":[{"href":"https:\/\/flaujac.org\/index.php\/wp-json\/wp\/v2\/media?parent=2"}],"curies":[{"name":"wp","href":"https:\/\/api.w.org\/{rel}","templated":true}]}}